when 6746955 is divided by 61?
50
What is the remainder when 517392 is divided by 57486?
18
What is the remainder when 540151 is divided by 107244?
3931
Calculate the remainder when 3574796 is divided by 397116.
752
Calculate the remainder when 380681 is divided by 2700.
2681
What is the remainder when 2422100 is divided by 9728?
9556
Calculate the remainder when 34093906 is divided by 1707.
1702
Calculate the remainder when 219876 is divided by 12897.
627
Calculate the remainder when 937297 is divided by 13.
10
What is the remainder when 44753018 is divided by 9?
5
Calculate the remainder when 647764 is divided by 25.
14
What is the remainder when 1078346 is divided by 7301?
5099
What is the remainder when 494089 is divided by 1746?
1717
What is the remainder when 2272205 is divided by 664?
661
Calculate the remainder when 2050247 is divided by 302.
271
Calculate the remainder when 53960 is divided by 2165.
2000
What is the remainder when 67228 is divided by 1088?
860
Calculate the remainder when 1314452 is divided by 1314412.
40
What is the remainder when 88320 is divided by 9811?
21
What is the remainder when 106212918 is divided by 30?
18
What is the remainder when 4377454 is divided by 945?
214
Calculate the remainder when 125992 is divided by 253.
251
What is the remainder when 25604591 is divided by 792?
23
What is the remainder when 14123118 is divided by 50260?
58
Calculate the remainder when 779679 is divided by 500.
179
Calculate the remainder when 25523148 is divided by 822.
48
What is the remainder when 42816 is divided by 14031?
723
What is the remainder when 32516 is divided by 5219?
1202
Calculate the remainder when 416689 is divided by 104168.
17
Calculate the remainder when 259569 is divided by 292.
273
What is the remainder when 650567 is divided by 3189?
11
What is the remainder when 985371 is divided by 332?
327
Calculate the remainder when 38859 is divided by 4190.
1149
What is the remainder when 199975431 is divided by 763?
761
What is the remainder when 2919917 is divided by 4908?
4565
What is the remainder when 783329 is divided by 156661?
24
Calculate the remainder when 182765 is divided by 5422.
3839
Calculate the remainder when 170021548 is divided by 50.
48
What is the remainder when 12303477 is divided by 2620?
2577
What is the remainder when 7675363 is divided by 12460?
3
Calculate the remainder when 366329 is divided by 1841.
1811
Calculate the remainder when 25172318 is divided by 80.
78
Calculate the remainder when 65833 is divided by 16371.
349
Calculate the remainder when 3992 is divided by 3876.
116
What is the remainder when 22710664 is divided by 27?
19
Calculate the remainder when 125397 is divided by 5995.
5497
What is the remainder when 64444124 is divided by 25?
24
What is the remainder when 492691 is divided by 440?
331
Calculate the remainder when 6988626 is divided by 51.
45
What is the remainder when 1241030399 is divided by 2180?
2179
Calculate the remainder when 1686918 is divided by 421717.
50
Calculate the remainder when 15681068 is divided by 1533.
11
Calculate the remainder when 10050 is divided by 9895.
155
What is the remainder when 20017525 is divided by 870326?
27
What is the remainder when 1215028 is divided by 86787?
10
What is the remainder when 3574657 is divided by 76?
73
What is the remainder when 1089473351 is divided by 66?
65
What is the remainder when 73146 is divided by 1573?
788
What is the remainder when 1333742 is divided by 39?
20
Calculate the remainder when 437786 is divided by 33667.
115
Calculate the remainder when 25568253 is divided by 37.
32
What is the remainder when 4549409 is divided by 37?
0
Calculate the remainder when 58463 is divided by 29151.
161
What is the remainder when 2145718 is divided by 1956?
1942
What is the remainder when 44087 is divided by 73?
68
Calculate the remainder when 3536543 is divided by 66727.
12
Calculate the remainder when 3192190 is divided by 1124.
30
What is the remainder when 119731 is divided by 29671?
1047
Calculate the remainder when 551808 is divided by 8900.
8
Calculate the remainder when 1502212 is divided by 31.
14
Calculate the remainder when 8574264 is divided by 8574242.
22
What is the remainder when 3018073 is divided by 1509032?
9
What is the remainder when 480934 is divided by 1875?
934
What is the remainder when 3958881 is divided by 343?
318
Calculate the remainder when 30810802 is divided by 1986.
1984
Calculate the remainder when 17709 is divided by 17580.
129
What is the remainder when 71192112 is divided by 1670?
12
Calculate the remainder when 5297270 is divided by 5.
0
Calculate the remainder when 37005049 is divided by 147.
4
Calculate the remainder when 121783 is divided by 195.
103
Calculate the remainder when 2348650 is divided by 29.
27
Calculate the remainder when 21262093 is divided by 490.
13
What is the remainder when 936740 is divided by 187308?
200
Calculate the remainder when 3094370 is divided by 34.
30
What is the remainder when 85587219 is divided by 203295?
24
What is the remainder when 2061971 is divided by 6630?
41
Calculate the remainder when 10278917 is divided by 403.
402
Calculate the remainder when 5950342 is divided by 2975170.
2
What is the remainder when 1939717 is divided by 646538?
103
What is the remainder when 66527 is divided by 13102?
1017
Calculate the remainder when 1824364 is divided by 1787.
1624
Calculate the remainder when 44421765 is divided by 22210874.
17
Calculate the remainder when 2119297 is divided by 3348.
13
Calculate the remainder when 212727 is divided by 106296.
135
What is the remainder when 26745 is divided by 8222?
2079
What is the remainder when 26819338 is divided by 33?
7
Calculate the remainder when 5516443 is divided by 1167.
34
What is the remainder when 2446628 is divided by 2671?
2663
What is the remainder when 344908 is divided by 114966?
10
What is the remainder when 638945 is divided by 2536?
2409
What is the remainder when 1228523 is divided by 774?
185
Calculate the remainder when 48015 is divided by 47654.
361
Calculate the remainder when 43272955 is divided by 3436.
3407
Calculate the remainder when 629983 is divided by 18.
1
Calculate the remainder when 2431702 is divided by 486340.
2
What is the remainder when 106587 is divided by 17762?
15
Calculate the remainder when 3692087 is divided by 76.
7
What is the remainder when 11583641 is divided by 97?
95
What is the remainder when 222374 is divided by 20211?
53
Calculate the remainder when 2813997 is divided by 127906.
65
Calculate the remainder when 26964 is divided by 3322.
388
What is the remainder when 60277533 is divided by 96?
93
Calculate the remainder when 35702766 is divided by 1322320.
126
What is the remainder when 19417 is divided by 19221?
196
Calculate the remainder when 190169 is divided by 158.
95
What is the remainder when 6239800 is divided by 254?
36
What is the remainder when 10927806 is divided by 273195?
6
Calculate the remainder when 26502861 is divided by 68.
65
What is the remainder when 2811656 is divided by 523?
8
What is the remainder when 508217 is divided by 70?
17
Calculate the remainder when 54533013 is divided by 5453300.
13
What is the remainder when 223043 is divided by 97?
40
Calculate the remainder when 778462 is divided by 27.
25
What is the remainder when 35205 is divided by 764?
61
What is the remainder when 1553054 is divided by 1103?
30
Calculate the remainder when 355792496 is divided by 7612.
4
Calculate the remainder when 875796 is divided by 6583.
257
What is the remainder when 748768 is divided by 378?
328
Calculate the remainder when 758599 is divided by 758490.
109
What is the remainder when 9157 is divided by 2?
1
Calculate the remainder when 136638 is divided by 7.
5
Calculate the remainder when 8662 is divided by 7223.
1439
What is the remainder when 12349283 is divided by 145?
68
What is the remainder when 1468884 is divided by 66766?
32
Calculate the remainder when 3370771245 is divided by 16.
13
What is the remainder when 2393707 is divided by 1367?
90
What is the remainder when 211590 is divided by 70517?
39
What is the remainder when 83667 is divided by 41820?
27
What is the remainder when 930768 is divided by 94?
74
Calculate the r